 1353.
451
What is the greatest common factor of 4616 and 36311764?
2308
Calculate the highest common factor of 57321795 and 543.
543
What is the greatest common divisor of 2886397 and 58805?
619
Calculate the greatest common factor of 48693933 and 54.
27
Calculate the greatest common factor of 175953 and 193842.
267
What is the greatest common divisor of 729 and 2669613?
3
What is the highest common factor of 1047 and 35688391?
349
What is the greatest common factor of 759172 and 630064?
212
What is the highest common divisor of 6180685 and 1330?
35
What is the greatest common divisor of 11595 and 8877905?
3865
What is the highest common divisor of 9 and 103981464?
9
Calculate the greatest common divisor of 27098260 and 805.
35
Calculate the greatest common factor of 18767 and 993119.
383
Calculate the greatest common divisor of 79100 and 3550.
50
What is the highest common factor of 44668 and 34372?
52
Calculate the greatest common divisor of 8831070 and 4770.
90
Calculate the greatest common factor of 22125 and 429343.
59
What is the greatest common divisor of 859872 and 24024?
312
What is the greatest common factor of 59356 and 5504488?
3124
Calculate the greatest common factor of 1562104 and 18848.
152
Calculate the greatest common divisor of 576 and 104977296.
144
What is the greatest common divisor of 52 and 3892276?
4
Calculate the highest common divisor of 3875469 and 39.
39
Calculate the highest common factor of 41671 and 7469.
7
Calculate the highest common divisor of 328 and 10323718.
82
What is the greatest common factor of 1722 and 6781974?
246
What is the highest common factor of 21476 and 282079?
413
Calculate the highest common divisor of 56 and 25118751.
7
What is the greatest common divisor of 261 and 2320767?
9
What is the greatest common factor of 706860 and 4381461?
1071
Calculate the greatest common factor of 13798620 and 9660.
1380
What is the greatest common factor of 3493350 and 514576?
2218
Calculate the greatest common divisor of 109057 and 107783.
13
Calculate the highest common factor of 45501135 and 225.
15
What is the highest common factor of 1163330 and 98?
14
What is the highest common divisor of 444762 and 8928?
18
Calculate the greatest common factor of 7423584 and 61824.
672
Calculate the highest common factor of 188 and 77522411.
47
What is the greatest common factor of 78252147 and 9?
9
What is the greatest common divisor of 5968 and 1192854?
746
Calculate the greatest common divisor of 4557 and 127939.
49
What is the greatest common factor of 347333775 and 114?
57
What is the greatest common factor of 2413797 and 1?
1
Calculate the highest common divisor of 40581 and 209061.
81
What is the highest common factor of 19141769 and 29?
29
What is the greatest common divisor of 3284852 and 8218?
1174
Calculate the highest common divisor of 16500 and 3068250.
750
Calculate the greatest common divisor of 1995 and 66553095.
105
What is the highest common divisor of 6599843 and 1981?
283
Calculate the highest common factor of 10773 and 16737.
21
Calculate the greatest common factor of 402 and 18894402.
402
Calculate the greatest common divisor of 5852743192 and 536.
536
Calculate the greatest common factor of 26378 and 183194.
242
What is the highest common divisor of 1297 and 35314716?
1297
What is the highest common divisor of 144139668 and 876?
876
What is the greatest common factor of 4043 and 36439?
13
What is the highest common factor of 2115 and 81154665?
2115
What is the greatest common divisor of 62056185 and 26220?
6555
What is the greatest common factor of 216722 and 61992343?
9851
What is the greatest common divisor of 14333 and 19349?
11
What is the highest common factor of 7 and 1084568219?
7
Calculate the highest common factor of 133 and 5063779.
7
Calculate the greatest common divisor of 1446598 and 5962.
542
Calculate the greatest common divisor of 1176 and 123073692.
588
Calculate the greatest common factor of 582583 and 2387.
31
What is the highest common divisor of 17978 and 1125054251?
8989
What is the highest common factor of 28789205 and 22635?
2515
Calculate the greatest common divisor of 85 and 20171537.
17
Calculate the highest common divisor of 631928 and 36.
4
What is the greatest common divisor of 172578 and 4844?
14
What is the greatest common divisor of 39446 and 124858?
326
What is the highest common factor of 750 and 18122750?
250
Calculate the highest common divisor of 492852380 and 20.
20
Calculate the greatest common factor of 95575350 and 5850.
1950
Calculate the greatest common factor of 14888073 and 510.
51
What is the greatest common factor of 70696200 and 1360?
680
What is the highest common factor of 8 and 19455778?
2
Calculate the greatest common divisor of 1231296 and 5192.
88
What is the highest common divisor of 65 and 19872489?
13
What is the greatest common divisor of 18107536 and 128?
16
What is the greatest common divisor of 27152 and 36543198?
3394
Calculate the greatest common factor of 294 and 17026422.
294
What is the greatest common factor of 542055 and 1737?
3
What is the highest common divisor of 27975338 and 554?
554
What is the greatest common divisor of 83828054 and 230?
46
Calculate the highest common factor of 1057611 and 65631.
501
Calculate the greatest common divisor of 550155 and 300.
15
Calculate the highest common divisor of 66837447 and 888516.
11691
What is the greatest common factor of 1847307 and 3388?
847
Calculate the highest common divisor of 9350 and 6555370.
170
Calculate the highest common factor of 113960 and 87164.
308
What is the highest common factor of 9051344 and 1866?
622
What is the greatest common divisor of 2414 and 166708?
142
What is the greatest common factor of 20401 and 372209?
23
What is the greatest common factor of 1307234560 and 80?
80
What is the highest common divisor of 15030879 and 6?
3
What is the highest common divisor of 203597224 and 24?
8
What is the highest common factor of 408 and 4833848?
136
Calculate the highest common divisor of 20 and 54684076.
4
Calculate the greatest common divisor of 3 and 5230215.
3
Calculate the greatest common factor of 2142 and 91155666.
714
What is the greatest common divisor of 5694936 and 2496?
312
Calculate the highest common factor of 98 and 8079428.
14
Calculate the highest common factor of 45 and 328356792.
9
Calculate the greatest common divisor of 79365 and 2487251.
481
Calculate the greatest common divisor of 38194631 and 7173.
797
What is the highest common divisor of 549 and 327326?
61
Calculate the highest common divisor of 437 and 7740604.
23
What is the highest common divisor of 48152 and 60288?
8
What is the highest common divisor of 31289499 and 2070?
207
Calculate the highest common factor of 71136 and 75965344.
7904
Calculate the greatest common divisor of 52406300 and 125.
25
What is the highest common divisor of 3723 and 378774297?
3723
Calculate the highest common divisor of 114 and 10640703.
57
What is the greatest common factor of 1623 and 2090965?
541
What is the highest common divisor of 254531124 and 12?
12
Calculate the highest common divisor of 1010009 and 1386.
77
What is the greatest common divisor of 220818 and 1614?
6
Calculate the greatest common factor of 107979 and 540.
3
Calculate the greatest common divisor of 488 and 238133752.
488
What is the highest common factor of 45584 and 620062058?
5698
Calculate the greatest common divisor of 15156051 and 11433.
111
What is the highest common divisor of 256157000 and 3828?
1276
What is the greatest common divisor of 537 and 24138508?
179
Calculate the highest common divisor of 2494 and 2173478.
86
What is the highest common factor of 1020 and 446454?
102
Calculate the highest common divisor of 9255 and 68535.
15
Calculate the greatest common divisor of 7458 and 6116.
22
What is the highest common divisor of 31182396 and 19936?
2492
What is the highest common factor of 51038 and 21227882?
3926
What is the greatest common factor of 50 and 229229600?
50
Calculate the greatest common factor of 27272205 and 45.
45
Calculate the highest common factor of 105345 and 185985.
45
What is the highest common factor of 321 and 51290985?
321
What is the highest common divisor of 558 and 660874554?
558
What is 